18
Calculate the remainder when 607 is divided by 47.
43
What is the remainder when 80 is divided by 24?
8
Calculate the remainder when 226 is divided by 57.
55
What is the remainder when 161 is divided by 36?
17
What is the remainder when 36 is divided by 22?
14
What is the remainder when 518 is divided by 28?
14
Calculate the remainder when 3197 is divided by 76.
5
What is the remainder when 215 is divided by 20?
15
What is the remainder when 282 is divided by 19?
16
Calculate the remainder when 1419 is divided by 142.
141
Calculate the remainder when 315 is divided by 80.
75
What is the remainder when 6531 is divided by 71?
70
What is the remainder when 279 is divided by 41?
33
Calculate the remainder when 115 is divided by 30.
25
What is the remainder when 245 is divided by 5?
0
What is the remainder when 735 is divided by 105?
0
Calculate the remainder when 35 is divided by 31.
4
What is the remainder when 200 is divided by 6?
2
Calculate the remainder when 176 is divided by 53.
17
What is the remainder when 28 is divided by 16?
12
Calculate the remainder when 190 is divided by 34.
20
What is the remainder when 276 is divided by 37?
17
Calculate the remainder when 358 is divided by 40.
38
Calculate the remainder when 944 is divided by 138.
116
What is the remainder when 290 is divided by 114?
62
Calculate the remainder when 738 is divided by 13.
10
What is the remainder when 18 is divided by 5?
3
What is the remainder when 6 is divided by 5?
1
Calculate the remainder when 65 is divided by 11.
10
What is the remainder when 2765 is divided by 28?
21
Calculate the remainder when 241 is divided by 35.
31
What is the remainder when 278 is divided by 92?
2
What is the remainder when 140 is divided by 36?
32
What is the remainder when 41 is divided by 17?
7
Calculate the remainder when 377 is divided by 318.
59
What is the remainder when 315 is divided by 94?
33
Calculate the remainder when 1215 is divided by 239.
20
Calculate the remainder when 3839 is divided by 96.
95
Calculate the remainder when 1506 is divided by 258.
216
What is the remainder when 70 is divided by 12?
10
What is the remainder when 1608 is divided by 46?
44
What is the remainder when 21005 is divided by 208?
205
What is the remainder when 7630 is divided by 1271?
4
Calculate the remainder when 45719 is divided by 13.
11
What is the remainder when 4527 is divided by 753?
9
What is the remainder when 9192 is divided by 55?
7
What is the remainder when 463 is divided by 95?
83
What is the remainder when 1129 is divided by 13?
11
Calculate the remainder when 101 is divided by 16.
5
What is the remainder when 244 is divided by 144?
100
What is the remainder when 565 is divided by 38?
33
Calculate the remainder when 33 is divided by 22.
11
Calculate the remainder when 785 is divided by 101.
78
Calculate the remainder when 202 is divided by 56.
34
Calculate the remainder when 321 is divided by 14.
13
What is the remainder when 130 is divided by 6?
4
What is the remainder when 597 is divided by 15?
12
Calculate the remainder when 173 is divided by 25.
23
What is the remainder when 427 is divided by 6?
1
Calculate the remainder when 20 is divided by 16.
4
What is the remainder when 223 is divided by 28?
27
Calculate the remainder when 514 is divided by 87.
79
Calculate the remainder when 2027 is divided by 14.
11
What is the remainder when 94 is divided by 45?
4
What is the remainder when 9685 is divided by 255?
250
Calculate the remainder when 701 is divided by 44.
41
Calculate the remainder when 1661 is divided by 9.
5
Calculate the remainder when 144 is divided by 91.
53
Calculate the remainder when 304 is divided by 53.
39
Calculate the remainder when 48 is divided by 30.
18
What is the remainder when 1027 is divided by 103?
100
Calculate the remainder when 1002 is divided by 476.
50
Calculate the remainder when 4167 is divided by 21.
9
What is the remainder when 154 is divided by 34?
18
What is the remainder when 133 is divided by 38?
19
What is the remainder when 685 is divided by 166?
21
Calculate the remainder when 2838 is divided by 37.
26
Calculate the remainder when 2222 is divided by 8.
6
Calculate the remainder when 1409 is divided by 303.
197
Calculate the remainder when 10330 is divided by 13.
8
What is the remainder when 51 is divided by 35?
16
Calculate the remainder when 8519 is divided by 18.
5
Calculate the remainder when 432 is divided by 14.
12
Calculate the remainder when 82 is divided by 50.
32
What is the remainder when 844 is divided by 209?
8
Calculate the remainder when 36 is divided by 8.
4
What is the remainder when 947 is divided by 50?
47
Calculate the remainder when 5187 is divided by 1722.
21
Calculate the remainder when 3313 is divided by 195.
193
What is the remainder when 180 is divided by 38?
28
Calculate the remainder when 365 is divided by 16.
13
Calculate the remainder when 261 is divided by 54.
45
What is the remainder when 684 is divided by 338?
8
Calculate the remainder when 947 is divided by 49.
16
What is the remainder when 2412 is divided by 49?
11
What is the remainder when 590 is divided by 99?
95
Calculate the remainder when 156 is divided by 21.
9
Calculate the remainder when 731 is divided by 227.
50
What is the remainder when 990 is divided by 62?
60
Calculate the remainder when 293 is divided by 43.
35
Calculate the remainder when 839 is divided by 30.
29
What is the remainder when 140 is divided by 28?
0
Calculate the remainder when 88 is divided by 42.
4
Calculate the remainder when 157 is divided by 8.
5
What is the remainder when 133 is divided by 12?
1
Calculate the remainder when 7340 is divided by 34.
30
What is the remainder when 29 is divided by 28?
1
Calculate the remainder when 205 is divided by 67.
4
What is the remainder when 4115 is divided by 29?
26
Calculate the remainder when 188 is divided by 16.
12
What is the remainder when 80 is divided by 14?
10
Calculate the remainder when 3114 is divided by 41.
39
Calculate the remainder when 474 is divided by 33.
12
What is the remainder when 91 is divided by 19?
15
Calculate the remainder when 139 is divided by 8.
3
What is the remainder when 427 is divided by 150?
127
Calculate the remainder when 171 is divided by 35.
31
What is the remainder when 8800 is divided by 4396?
8
Calculate the remainder when 3616 is divided by 9.
7
What is the remainder when 1057 is divided by 180?
157
Calculate the remainder when 231 is divided by 68.
27
Calculate the remainder when 46 is divided by 2.
0
What is the remainder when 615 is divided by 122?
5
What is the remainder when 7811 is divided by 28?
27
What is the remainder when 278 is divided by 9?
8
What is the remainder when 13861 is divided by 4?
1
What is the remainder when 1346 is divided by 90?
86
Calculate the remainder when 335 is divided by 13.
10
What is the remainder when 8768 is divided by 51?
47
What is the remainder when 26 is divided by 7?
5
What is the remainder when 118 is divided by 29?
2
Calculate the remainder when 130 is divided by 46.
38
What is the remainder when 1302 is divided by 336?
294
Calculate the remainder when 210 is divided by 62.
24
Calculate the remainder when 2015 is divided by 252.
251
What is the remainder when 361 is divided by 68?
21
What is the remainder when 264 is divided by 118?
28
What is the remainder when 10853 is divided by 65?
63
What is the remainder when 2596 is divided by 19?
12
What is the remainder when 1645 is divided by 447?
304
Calculate the remainder when 3740 is divided by 466.
12
Calculate the remainder when 209 is divided by 43.
37
Calculate the remainder when 7054 is divided by 196.
194
Calculate the remainder when 294 is divided by 140.
14
Calculate the remainder when 147 is divided by 10.
7
What is the remainder when 311 is divided by 63?
59
Calculate the remainder when 1632 is divided by 15.
12
What is the remainder when 193 is divided by 14?
11
Calculate the remainder when 373 is divided by 174.
25
What is the remainder when 221 is divided by 14?
11
Calculate the remainder when 116 is divided by 20.
16
What is the remainder when 13358 is divided by 161?
156
Calculate the remainder when 899 is divided by 443.
13
Calculate the remainder when 94 is divided by 56.
38
Wh